n. Suppose n = -3*l + 64. What are the prime factors of l?
2
Let h(v) = 45*v + 3. List the prime factors of h(2).
3, 31
Suppose -5*b - n - 21 = 0, 0*b = -b + 2*n - 2. Suppose 190 = -m - 4*m. List the prime factors of (-6)/(-4) + m/b.
11
Let q(p) = -p**2 - 10*p + 11. What are the prime factors of q(-8)?
3
Let l(g) = -g**3 + 3*g**2 - 2. Let y be l(2). Let r = y + 0. Suppose o - 19 = -z, r*o + 2*z + 2*z = 44. What are the prime factors of o?
2
Let h(o) = 13*o**2 - o - 4. What are the prime factors of h(-3)?
2, 29
Let v be (-2)/(6/(-129)) - 1. Suppose -10 = -4*t + v. What are the prime factors of t?
13
Let t(o) = o**2 - 9. List the prime factors of t(6).
3
Let q = -54 + 84. Suppose -5*c - 53 = -2*w, q = 5*w - 2*c - 50. List the prime factors of w.
2, 7
Let p(h) = -h**2 + 4*h - 2. Let q be p(6). Suppose -2*s + 2 = -3*s + 3*d, -2*d = 4*s + 8. List the prime factors of -4*1 - s - q.
2, 3
Suppose -15 = -4*b + 2*b + x, 4*b = 5*x + 15. Suppose 0 = -2*a + 3*a - b. List the prime factors of a.
2, 5
Let q(p) = -p**2 + 14*p - 7. Let j be q(13). Suppose 2*c = j*c - 20. Suppose -c*f = 2*l - 31, l + 4*f - 4 = 2*l. List the prime factors of l.
2
Let y(g) = -g**3 - 5*g**2 - 4*g + 2. Let s be y(-6). Suppose 3*z - 2*z - s = -2*j, 0 = -5*z - 20. What are the prime factors of j?
3, 11
Let x(r) = -r**2 + 5*r - 1. Let t be x(5). What are the prime factors of -4 + 2 + 9 + t?
2, 3
Let a = -15 - -32. Let x = 16 - 13. Suppose x*o - 46 - a = 0. What are the prime factors of o?
3, 7
Let a = -28 + 48. What are the prime factors of a?
2, 5
Let t = -141 + 266. What are the prime factors of t?
5
Let d(n) be the second derivative of -n**4/12 + 5*n**3/3 + 4*n**2 - 3*n. What are the prime factors of d(8)?
2, 3
Suppose k - 87 = -3*o + 5*k, 4*o + 3*k - 141 = 0. Suppose 0*i - o = -a + i, -4*a - i + 157 = 0. List the prime factors of 5/(-10) - a/(-4).
3
Let b be ((-10)/(-3))/((-4)/(-6)). Suppose -3*o + 43 = -0*o - b*x, 0 = 4*o + 5*x - 69. What are the prime factors of o?
2
Let v be 0 + -4 + 6/2. List the prime factors of -4 + 3 + 33 + v.
31
Suppose 4*b = 8*b. Let s = -2 + b. List the prime factors of (6/4)/((-1)/s).
3
Let b = -53 - -97. Suppose -21 = -5*l + b. What are the prime factors of l?
13
Suppose 0 = -0*b - 2*b + 4. Let v(h) = h**3 + 19*h**2 - h + 19. Let z be v(-19). Suppose 5*s - b = z. List the prime factors of s.
2
Let h = -41 - -29. What are the prime factors of 23/3 + h/18?
7
Let v = 258 - -68. List the prime factors of v.
2, 163
Let c(x) = -2*x**3 - 4*x**2 + x. Let z be c(-4). Suppose 0 = 5*t - 15, -t - t = 2*q - z. List the prime factors of q.
3
Suppose -t = -4, 0 = -m - 5*t + 3*t + 12. Suppose -121 = -m*c + 27. What are the prime factors of c?
37
Let v(h) = h**3 + 3*h**2 + 10. What are the prime factors of v(6)?
2, 167
Let u(j) = 18*j + 2. What are the prime factors of u(5)?
2, 23
Let p be 0 + 4*2/4. Suppose -p*z - 5*n - 71 = 0, 4*z + 188 = -z - 2*n. Let q = -27 - z. What are the prime factors of q?
11
Let r = -58 + 205. What are the prime factors of r?
3, 7
Let i(m) = -2*m - 4. Let k(u) = -u**2 + 10*u - 12. Let r be k(9). Let h be i(r). Suppose -3*p - h*z - 14 = -34, p - 4*z - 16 = 0. List the prime factors of p.
2
Suppose -m = -5*c - 3*m + 7, -3*c + 4*m = -25. Let w(i) = 2 - c - 2 + i**2 + 0*i + 2*i. What are the prime factors of w(3)?
2, 3
Suppose 0 = 2*z - o - 42, -6*o = -3*z - 3*o + 63. Let u(b) = -b**2 + 7*b - 9. Let y be u(7). Let f = y + z. What are the prime factors of f?
2, 3
Suppose 22 = j - 3. What are the prime factors of j?
5
List the prime factors of (8 + -2 - 24)*7/(-3).
2, 3, 7
Let b be -3*((-10)/6)/5. Let t = b + 16. What are the prime factors of t?
17
Suppose -3*y - 3 - 3 = 0. What are the prime factors of (156/24)/((-1)/y)?
13
Let x(z) = -z - 1. Let l be x(-7). List the prime factors of (3/l)/((-3)/(-54)).
3
Let p be (4 - 1)*(-11)/3. Let y = -5 + 0. Let g = y - p. What are the prime factors of g?
2, 3
Let w = 16 - 19. What are the prime factors of -16*(w + 2 - 1)?
2
Suppose 3*a - 6*d = -2*d - 11, -2*d = -a - 7. Suppose 34 = 2*n - n + 4*m, -5*m - 51 = -a*n. What are the prime factors of n?
2, 11
Let n(g) = g**2 + 10*g + 12. Let q be n(-9). Let f be ((-1)/3)/((-2)/18). Suppose 4 = q*i + 2*v, -f*v - 14 = -i + 2. What are the prime factors of i?
2
Let m(q) = q**2 + 10*q - 14. Suppose -48 = 5*x - 5*b + 2*b, -5*b = -5*x - 40. What are the prime factors of m(x)?
2, 5
What are the prime factors of ((-44)/(-33))/((-4)/(-378))?
2, 3, 7
Let d be ((-62)/(-4))/((-4)/(-8)). Suppose 0 = 3*x - u - d, -5*x - u + 55 = -2*u. List the prime factors of x.
2, 3
List the prime factors of ((-50)/14 - 27/63) + 62.
2, 29
Let u(g) = -3*g - 8. Let p(w) = 2*w + 1. Let f be p(-4). List the prime factors of u(f).
13
Let d be 5/30 - 430/(-12). Let k be (-2)/(-3) + (-213)/9. Let j = k + d. What are the prime factors of j?
13
Let y(b) = -3*b - 11. What are the prime factors of y(-12)?
5
Let h(b) = b**2 + b - 3. Let u be h(-4). Let l(s) = 5*s + 27. Let i be l(-6). List the prime factors of u/i - (-54)/3.
3, 5
Let r = 0 - -2. List the prime factors of (r + -14)/(4/(-6)).
2, 3
Let a(c) = c**3 + 10*c**2 + 7*c - 10. List the prime factors of a(-9).
2
Suppose -51 = -5*a + 2*a. What are the prime factors of a?
17
Let u = 52 - 32. List the prime factors of u.
2, 5
Let n be (16/10)/((-16)/(-40)). Suppose 4*o - 112 = -4*u, 9*o - n*o = 5*u - 90. What are the prime factors of u?
23
Suppose 4*n - 3*z = 16, -z - 1 = -5*n - 2*z. What are the prime factors of (n/(-1))/1*-11?
11
Let z(y) = 21*y**2 - 9*y + 12. List the prime factors of z(2).
2, 3, 13
Let b(m) = m**2 + 0*m + 3*m - 2 - m. What are the prime factors of b(-4)?
2, 3
Let n = -23 - -41. Let x(w) = w**2 - 4*w - 5. Let f be x(5). List the prime factors of f + (n*-2)/(-2).
2, 3
Suppose 0 = -4*c - 8, -3*m - 2*c - 25 = 3*c. Let q(p) = 2*p**2 + 3*p. What are the prime factors of q(m)?
5, 7
Suppose 2*m + m = 4*v - 32, 3*m + 22 = -v. Let k = m + 11. List the prime factors of 21/6 - k/(-6).
2
Suppose -4*f + 7*f = 0. Let h = f + 5. Suppose -4 = -2*x, -2*o = 3*x - h*x - 22. List the prime factors of o.
13
Suppose 0 = 3*g - 6*g + 513. Suppose 3*p = -0*p + g. Suppose -3*j + p = 4*d + 3, -2*d - j = -26. List the prime factors of d.
2, 3
Let c(a) = -a**3 - 12*a**2 - 11*a - 2. Let b be c(-11). Let o = b + 5. What are the prime factors of o?
3
Let f = -40 + 128. List the prime factors of f.
2, 11
Suppose 3*n - 10 = n. Suppose -20 = -n*d, -z + 0*d = -3*d + 2. List the prime factors of z.
2, 5
Let d = -41 + 24. Let c = d + 28. List the prime factors of c.
11
Let a = 1 - 1. Suppose 5*f + m - 50 = a, -2*f - 3*m + 33 = -0*m. List the prime factors of f.
3
Let s = 53 + 3. Suppose 2*w = -2*w + s. What are the prime factors of w?
2, 7
Let i(q) be the second derivative of q**4/12 + 5*q**3/6 + q**2 + q. List the prime factors of i(-6).
2
Suppose -5*n = -6 + 21. Let m be 4 - n/(-3) - -2. Let z = m - -1. List the prime factors of z.
2, 3
Suppose -7*x + 72 = -3*x. Let g = x - 11. What are the prime factors of 4/14 - (-47)/g?
7
Suppose -3*s + 84 = -w + 5*w, 0 = -2*s + 8. Suppose a = 3*a - w. What are the prime factors of a?
3
Let n(q) = 7*q + 15. What are the prime factors of n(4)?
43
Let w(u) = -u**3 - 6*u**2 + 6*u + 10. Let r be w(-8). Suppose 3*b + f - 6*f = 54, 3*f - r = -5*b. List the prime factors of b.
2, 3
Let h be (1*2)/((-20)/10). Let j(a) = 0*a + 17*a**2 + 0*a + 1 + a. What are the prime factors of j(h)?
17
Let b(d) = d - 6. Let f be b(12). Let h = -4 + f. List the prime factors of h.
2
Suppose -y = -2 - 0. What are the prime factors of y?
2
Let f(w) = w**3 + 11*w**2 + 11*w + 1. Let r be f(-10). Let h(p) = -p**3 - 9*p**2 + 8. List the prime factors of h(r).
2
Let j = 207 + -145. Suppose -j - 10 = -4*z. What are the prime factors of z?
2, 3
Let d = 14 + -11. List the prime factors of d.
3
Let b(r) = -r**2 + 6*r + 1. Let z be b(5). Let q be z*(-2 + (-2)/(-2)). Let l = -2 - q. List the prime factors of l.
2
Let l = -134 - -287. List the prime factors of l.
3, 17
Let m = 17 - 2. Suppose 4*h + 4 = -3*w - w, -5*w = -5*h - 5. Let q = m - h. List the prime factors of q.
2
Suppose 0*v - 5*v + 140 = 0. Suppose v = y + 3*y. What are the prime factors of y?
7
Let m(y) = 33*y - 56. What are the prime factors of m(6)?
2, 71
Let u(r) = -r**3 + 4*r**2 + 7*r - 2. Let f be